 of 13?
False
Is 503 a multiple of 14?
False
Is 14248 a multiple of 137?
True
Does 8 divide 791?
False
Does 11 divide 43637?
True
Is 10 a factor of 9070?
True
Is 13 a factor of 273?
True
Is 8 a factor of 126?
False
Is 136 a factor of 51601?
False
Does 6 divide 313?
False
Is 550 a multiple of 10?
True
Is 10 a factor of 1096?
False
Is 440 a factor of 23468?
False
Does 22 divide 7782?
False
Is 10 a factor of 1178?
False
Is 7 a factor of 31225?
False
Does 23 divide 196?
False
Is 54 a factor of 15336?
True
Is 12560 a multiple of 8?
True
Is 6137 a multiple of 17?
True
Is 11011 a multiple of 31?
False
Is 4 a factor of 3546?
False
Is 32 a factor of 799?
False
Is 38395 a multiple of 60?
False
Does 59 divide 3483?
False
Does 15 divide 557?
False
Does 53 divide 2438?
True
Is 9310 a multiple of 70?
True
Is 232 a multiple of 28?
False
Is 25 a factor of 7650?
True
Is 22704 a multiple of 44?
True
Does 10 divide 43220?
True
Does 51 divide 1734?
True
Is 8201 a multiple of 4?
False
Is 12356 a multiple of 10?
False
Does 10 divide 408?
False
Is 690 a multiple of 10?
True
Is 429 a multiple of 11?
True
Is 5 a factor of 887?
False
Is 7 a factor of 23891?
True
Does 83 divide 16932?
True
Is 28602 a multiple of 50?
False
Is 220 a multiple of 10?
True
Is 261 a multiple of 66?
False
Does 3 divide 214?
False
Is 92 a factor of 13226?
False
Does 7 divide 6111?
True
Is 32 a factor of 1818?
False
Is 19946 a multiple of 216?
False
Is 23766 a multiple of 51?
True
Is 5832 a multiple of 95?
False
Is 2655 a multiple of 15?
True
Is 3 a factor of 154?
False
Is 11190 a multiple of 2?
True
Is 1123 a multiple of 7?
False
Is 710 a multiple of 10?
True
Is 6 a factor of 227?
False
Is 16168 a multiple of 86?
True
Does 13 divide 2416?
False
Does 7 divide 448?
True
Is 6570 a multiple of 15?
True
Does 36 divide 955?
False
Does 7 divide 980?
True
Is 615 even?
False
Does 3 divide 98?
False
Is 12 a multiple of 4?
True
Is 59 a factor of 2415?
False
Is 3 a factor of 8324?
False
Does 2 divide 155?
False
Is 8591 a multiple of 19?
False
Does 13 divide 12589?
False
Is 9240 a multiple of 90?
False
Does 13 divide 31122?
True
Is 166 even?
True
Is 1871 a multiple of 12?
False
Is 29 a factor of 243?
False
Is 29 a factor of 579?
False
Is 984 a multiple of 6?
True
Does 8 divide 1159?
False
Does 49 divide 14680?
False
Is 1586 a multiple of 23?
False
Does 7 divide 1197?
True
Is 37 a factor of 5982?
False
Is 41672 a multiple of 43?
False
Does 117 divide 1989?
True
Does 14 divide 3836?
True
Is 19 a factor of 9975?
True
Is 36 a factor of 1044?
True
Is 25 a factor of 800?
True
Does 218 divide 12732?
False
Does 5 divide 7185?
True
Is 16413 a multiple of 6?
False
Is 1802 a multiple of 34?
True
Is 33304 a multiple of 181?
True
Does 113 divide 9040?
True
Is 46 a factor of 235?
False
Is 29 a factor of 18770?
False
Does 6 divide 18648?
True
Does 12 divide 112?
False
Does 41 divide 80196?
True
Is 4688 a multiple of 80?
False
Is 13 a factor of 95?
False
Is 1242 a multiple of 23?
True
Is 12 a factor of 14883?
False
Does 3 divide 20612?
False
Does 96 divide 13536?
True
Is 19 a factor of 15587?
False
Does 4 divide 84?
True
Is 9 a factor of 811?
False
Is 105 a factor of 34545?
True
Is 84390 a multiple of 29?
True
Does 43 divide 65790?
True
Is 10 a factor of 467?
False
Does 13 divide 2139?
False
Is 22235 a multiple of 5?
True
Is 840 a multiple of 12?
True
Does 14 divide 580?
False
Does 9 divide 3362?
False
Is 1369 a multiple of 57?
False
Is 16476 a multiple of 12?
True
Does 6 divide 228?
True
Is 14 a factor of 56?
True
Is 22 a factor of 132?
True
Is 31 a factor of 279?
True
Does 7 divide 90?
False
Is 23 a factor of 299?
True
Does 7 divide 369?
False
Is 1440 a multiple of 3?
True
Is 26 a factor of 88?
False
Does 94 divide 5828?
True
Is 29 a factor of 41050?
False
Is 2857 a multiple of 36?
False
Is 9 a factor of 891?
True
Is 36 a factor of 331?
False
Is 20982 a multiple of 13?
True
Is 11200 a multiple of 70?
True
Does 51 divide 817?
False
Is 6132 a multiple of 12?
True
Is 28 a factor of 44712?
False
Is 14 a factor of 1055?
False
Is 7035 a multiple of 44?
False
Is 5 a factor of 228?
False
Is 15120 a multiple of 70?
True
Does 9 divide 382?
False
Is 196 a factor of 62849?
False
Is 997 a multiple of 57?
False
Is 555 a multiple of 37?
True
Does 69 divide 1396?
False
Is 57288 a multiple of 42?
True
Is 7 a factor of 483?
True
Is 18 a factor of 198?
True
Is 21 a factor of 503?
False
Is 18 a factor of 161?
False
Does 9 divide 132?
False
Is 11 a factor of 2636?
False
Is 10620 a multiple of 15?
True
Is 1543 a multiple of 32?
False
Does 145 divide 11337?
False
Is 18 a factor of 70951?
False
Is 264 a factor of 18276?
False
Does 12 divide 158?
False
Does 17 divide 817?
False
Is 136 a multiple of 4?
True
Is 53 a factor of 4469?
False
Does 21 divide 4515?
True
Is 222 a factor of 44780?
False
Does 4 divide 1386?
False
Is 150 a factor of 37745?
False
Is 13711 a multiple of 20?
False
Is 265 a factor of 1855?
True
Is 23 a multiple of 16?
False
Is 35 a factor of 13708?
False
Is 11 a factor of 2376?
True
Is 98 a factor of 3920?
True
Is 18 a factor of 13679?
False
Is 11 a factor of 79?
False
Is 19 a factor of 16435?
True
Is 656 a multiple of 4?
True
Does 15 divide 3449?
False
Is 10 a factor of 3391?
False
Is 145 a factor of 4299?
False
Is 522 a multiple of 9?
True
Is 156 a factor of 16930?
False
Is 58050 a multiple of 135?
True
Is 709 a multiple of 13?
False
Is 11165 a multiple of 29?
True
Is 34 a factor of 2584?
True
Is 11 a factor of 10223?
False
Does 44 divide 7123?
False
Does 41 divide 1748?
False
Does 6 divide 7248?
True
Is 764 a multiple of 49?
False
Is 7 a factor of 344?
False
Does 25 divide 421?
False
Is 20 a factor of 57480?
True
Is 50 a factor of 1125?
False
Does 30 divide 1431?
False
Is 20102 a multiple of 23?
True
Does 8 divide 112?
True
Is 807 a multiple of 11?
False
Is 4161 a multiple of 73?
True
Is 37 a multiple of 37?
True
Is 62865 a multiple of 81?
False
Does 19 divide 293?
False
Does 14 divide 924?
True
Does 13 divide 1682?
False
Does 6 divide 10543?
False
Is 45 a factor of 324?
False
Is 200 a factor of 1984?
False
Is 4 a factor of 6500?
True
Is 488 even?
True
Does 35 divide 5565?
True
Is 38 a factor of 570?
True
Does 20 divide 37740?
True
Does 18 divide 18?
True
Does 25 divide 1046?
False
Is 2450 a multiple of 14?
True
Is 16 a factor of 2461?
False
Is 31 a factor of 159?
False
Does 27 divide 4617?
True
Is 54 a multiple of 3?
True
Is 35 a factor of 74880?
False
Is 23982 a multiple of 33?
False
Does 47 divide 24816?
True
Is 10 a factor of 1140?
True
Does 33 divide 1386?
True
Does 12 divide 273?
False
Is 5 a factor of 2675?
True
Is 561 a multiple of 3?
True
Is 124 a factor of 8647?
False
Is 109 a multiple of 5?
False
Is 17154 a multiple of 4?
False
Is 17 a factor of 954?
False
Is 124 a factor of 744?
True
Does 112 divide 5851?
False
Is 1906 a multiple of 12?
False
Does 25 divide 5455?
False
Is 6 a factor of 642?
True
Is 483 a multiple of 25?
False
Is 77 a factor of 26257?
True
Does 9 divide 9026?
False
Is 114 a multiple of 3?
True
Is 31 a factor of 969?
False
Does 4 divide 1259?
False
Does 100 divide 1900?
True
Does 4 divide 2356?
True
Is 4 a factor of 553?
False
Is 61 a factor of 1549?
False
Is 49 a factor of 1261?
False
Does 84 divide 10431?
False
Does 15 divide 3150?
True
Is 17 a factor of 442?
True
Is 922 a multiple of 13?
False
Is 128 even?
True
Does 6 divide 3750?
True
Is 4080 a multiple of 12?
True
Is 172 a factor of 87655?
False
Is 9 a factor of 33?
False
Is 21 a factor of 551?
False
Is 24 a factor of 774?
False
Does 9 divide 7780?
False
Does 19 divide 6581?
False
Does 32 divide 704?
True
Is 83 a factor of 10292?
True
Is 9 a factor of 4491?
True
Does 13 divide 364?
True
Does 9 divide 288?
True
Is 20 a factor of 3186?
False
Does 67 divide 12775?
False
Is 5 a factor of 635?
True
Does 36 divide 25884?
True
Is 73 a multiple of 16?
False
Does 37 divide 33251?
False
Is 1711 a multiple of 10?
False
Is 8000 a multiple of 40?
True
Is 125 a factor of 113322?
False
Is 3584 a multiple of 88?
False
Is 7 a factor of 84?
True
Is 175 a factor of 21393?
False
Does 41 divide 9071?
False
Is 41 a factor of 1950?
False
Does 49 divide 16023?
True
Is 4 a factor of 1299?
False
Is 52 a factor of 873?
False
Is 92 a factor of 29716?
True
Is 15 a fac